{"id":219,"date":"2022-04-07T10:38:05","date_gmt":"2022-04-07T10:38:05","guid":{"rendered":"https:\/\/cngcmotru.ro\/?page_id=219"},"modified":"2024-05-29T08:54:13","modified_gmt":"2024-05-29T08:54:13","slug":"rezultate-notabile-la-olimpiadele-scolare","status":"publish","type":"page","link":"https:\/\/cngcmotru.ro\/index.php\/rezultate-notabile-la-olimpiadele-scolare\/","title":{"rendered":"Rezultate notabile la olimpiadele \u0219colare"},"content":{"rendered":"<p><em><strong>Olimpiada de limba \u0219i literatura rom\u00e2n\u0103<\/strong><\/em><\/p>\n<p><strong>Negrea Maria<\/strong> &#8211; locul II, clasa a VII-a, calificare la etapa na\u021bional\u0103, Concursul de lectur\u0103 \u0219i interpretare transcurricular\u0103 \u201dIonel Teodoreanu\u201d; profesor coordonator,\u00a0 <strong>C\u0103lin Violeta.<\/strong><\/p>\n<p><strong>Vijulan Raluca &#8211;<\/strong> locul II, clasa a XI-a; profesori coordonatori, <strong>P\u0103una Rodica <\/strong>\u0219i <strong>Musta\u021b\u0103 Ana Daniela;<\/strong><\/p>\n<p><strong>Codi\u021b\u0103 Denisa &#8211; <\/strong>locul II, clasa a XII-a; profesori coordonatori, <strong>P\u0103una Rodica<\/strong> \u0219i <strong>Musta\u021b\u0103 Ana Daniela;<\/strong><\/p>\n<p><strong>Oprea Diana &#8211;<\/strong> locul II, clasa a XII-a; profesori coordonatori,<strong>P\u0103una Rodica<\/strong> \u0219i <strong>Musta\u021b\u0103 Ana Daniela;<\/strong><\/p>\n<p><em><strong>Olimpiada \u201dLectura ca abilitate de via\u021b\u0103\u201d<\/strong><\/em><\/p>\n<p><strong>Codi\u021b\u0103 Denisa &#8211;\u00a0<\/strong> calificare la etapa na\u021bional\u0103,clasa a XII-a, profesori coordonatori,<strong>P\u0103una Rodica<\/strong> \u0219i <strong>Musta\u021b\u0103 Ana Daniela;<\/strong><\/p>\n<p><strong>Vijulan Raluca<\/strong>,men\u021biune profesor coordonator,<strong>P\u0103una Rodica<\/strong><\/p>\n<p><strong>Pasare Ana Maria<\/strong>,men\u021biune profesor coordonator,<strong>P\u0103una Rodica<\/strong><\/p>\n<p><em><strong>\u201dCultur\u0103 \u0219i spiritualitate\u201d <\/strong><\/em><\/p>\n<p><em><strong>Oprea Diana &#8211;<\/strong>calificare la etapa na\u021bional\u0103, clasa a XII-a, profesori coordonatori,<strong>P\u0103una Rodica,Musta\u021b\u0103 Ana Daniela \u0219i Dragomirescu Rodica<\/strong><\/em><\/p>\n<p><em><strong>Olimpiada de matematic\u0103<\/strong><\/em><\/p>\n<p><strong>Epure Darius Florin &#8211;<\/strong> calificare la etapa na\u021bionala , clasa a X-a, profesor coordonator, <em><strong> B\u0103lan Gabriel;<\/strong><\/em><\/p>\n<p><em><strong>Olimpiada de istorie<\/strong><\/em><\/p>\n<p><strong>Bora Alexandra<\/strong> &#8211; Locul III, clasa a IX-a , profesor coordonator, <em><strong>Negrea Nicolae;<\/strong><\/em><\/p>\n<p><strong>Sperlea Miruna<\/strong> &#8211; Men\u021biune, clasa a IX-a , profesor coordonator, <em><strong>Negrea Nicolae;<\/strong><\/em><!--more--><\/p>\n<p><em><strong>Olimpiada de limba englez\u0103<\/strong><\/em><\/p>\n<p><strong>Pan\u0103 Cristian Alexandru<\/strong> &#8211; calificare la etapa na\u021bional\u0103, profesor coordonator, <em><strong>Murgu Alina;<\/strong><\/em><\/p>\n<p><strong>Iliescu Bianca &#8211; <\/strong>calificare la etapa na\u021bional\u0103, profesor coordonator, <em><strong>Tudosie Rodica;<\/strong><\/em><\/p>\n<p><strong>Minciun\u0103 \u0218tefania Naiana<\/strong> &#8211; men\u021biune, profesor coordonator, <em><strong>Murgu Alina;<\/strong><\/em><\/p>\n<p><em><strong>Olimpiada de limba francez\u0103<\/strong><\/em><\/p>\n<p><strong>Oprea Diana &#8211; <\/strong>calificare la etapa na\u021bional\u0103, profesor coordonator,<em><strong> Elinescu Emilia;<\/strong><\/em><\/p>\n<p><strong>Ungureanu Andra<\/strong> -calificare la etapa na\u021bional\u0103, profesor coordonator, <em><strong>Cre\u021bu Emanuela;<\/strong><\/em><\/p>\n<p><strong>Negrea Maria<\/strong> -men\u021biune, profesor coordonator, <strong><em>Cre\u021bu Emanuela<\/em>;<\/strong><\/p>\n<p><em><strong>Olimpiada de fizic\u0103<\/strong><\/em><\/p>\n<div class=\"cxmmr5t8 oygrvhab hcukyx3x c1et5uql o9v6fnle ii04i59q\">\n<div dir=\"auto\"><strong>Premiul I:<\/strong><\/div>\n<div dir=\"auto\"><strong>Giurc\u0103 Daria-Ioana<\/strong>, clasa a VI-a (<strong>prof. Giurc\u0103 Minodora<\/strong>) -calificare la etapa na\u021bional\u0103<\/div>\n<div dir=\"auto\"><strong>Avram Traian<\/strong>, clasa a IX-a(<strong>prof. Alioanei Carmen<\/strong>)-calificare la etapa na\u021bional\u0103,<\/div>\n<\/div>\n<div class=\"cxmmr5t8 oygrvhab hcukyx3x c1et5uql o9v6fnle ii04i59q\">\n<div dir=\"auto\"><strong>Premiul II:<\/strong><\/div>\n<div dir=\"auto\"><em><strong>Vi\u0219an R\u0103ducu-Gabriel<\/strong><\/em>, clasa X-a (<em><strong>prof. Alioanei Carmen<\/strong><\/em>)<\/div>\n<\/div>\n<div class=\"cxmmr5t8 oygrvhab hcukyx3x c1et5uql o9v6fnle ii04i59q\">\n<div dir=\"auto\"><strong>Premiul III:<\/strong><\/div>\n<div dir=\"auto\"><em><strong>Epure Darius-Florin<\/strong><\/em>, clasa a X-a (<strong>prof. Alioanei Carmen<\/strong>)<\/div>\n<\/div>\n<div class=\"cxmmr5t8 oygrvhab hcukyx3x c1et5uql o9v6fnle ii04i59q\">\n<div dir=\"auto\"><strong>Men\u021biune:<\/strong><\/div>\n<div dir=\"auto\"><strong>Giurescu Cristian-Alex<\/strong>, clasa a X-a (<strong>prof Alioanei Carmen<\/strong>)<\/div>\n<div dir=\"auto\"><strong>Curelea Drago\u0219 Petri\u0219or<\/strong>, clasa a IX-a (<strong>prof. Alioanei Carmen<\/strong>)<\/div>\n<div dir=\"auto\"><strong>Pirea \u0218erban Nicu\u0219or<\/strong>, clasa a IX-a <strong>(prof. Alioanei Carmen<\/strong>)<\/div>\n<div dir=\"auto\"><strong>Mihart Ana-Maria<\/strong>, clasa a VI-a (<strong>prof. Giurc\u0103 Minodora<\/strong>)<\/div>\n<div dir=\"auto\"><strong>Ghi\u021bea Ruth-Miriam<\/strong>, clasa a VI-a (<strong>prof. Giurc\u0103 Minodora<\/strong>)<\/div>\n<\/div>\n<p><em><strong>Olimpiada de biologie<\/strong><\/em><\/p>\n<p><strong>Voicu Alexandru<\/strong>, clasa a IX-a, calificare la etapa na\u021bional\u0103, profesor coordonator, <em><strong>L\u0103udat Raluca;<\/strong><\/em><\/p>\n<p><strong>Nistoran Cristina<\/strong>, clasa a XI-a, calificare la etapa na\u021bional\u0103, profesor coordonator, <em><strong>Tutunaru Adela;<\/strong><\/em><\/p>\n<p><strong>P\u0103tru Denisa Geanina,<\/strong> locul II, profesor coordonator, <em><strong>L\u0103udat Raluca;<\/strong><\/em><\/p>\n<p><strong>Jerdea Andreea, <\/strong>men\u021bine, clasa a IX -a, profesor coordonator,<strong><em>L\u0103udat Raluca;<\/em><\/strong><\/p>\n<p><strong> Barbu Dana Maria, <\/strong>men\u021bine, clasa a IX -a, profesor coordonator<strong>, <em>L\u0103udat Raluca;<\/em><\/strong><\/p>\n<p><strong>Guran Bu\u0219oi Emanuel<\/strong>, men\u021bine, clasa a X -a, profesor coordonator<strong>, <em>L\u0103udat Raluca;<\/em><\/strong><\/p>\n<p><strong>B\u0103iceanu Alin<\/strong>, men\u021bine, clasa a XI -a, profesor coordonator<strong>,<em> Tutunaru Adela;<\/em><\/strong><\/p>\n<p><em><strong>Olimpiada de religie<\/strong><\/em><\/p>\n<p><strong>Fotescu Irina<\/strong>&#8211; clasa a XII-a , calificare la na\u021bional\u0103, profesor coordonator <em><strong>C\u0103p\u0103\u021b\u00e2n\u0103 Delia<\/strong><\/em><\/p>\n<p><em><strong>Olimpiada de geografie<\/strong><\/em><\/p>\n<p><strong>Murgil\u0103 Sebastian, <\/strong>locul II, clasa a IX-a<strong>, <\/strong>profesor coordonator<strong>, <em>Chi\u021bimia Mihaela;<\/em><\/strong><\/p>\n<p><strong>Ursoniu Daniela<\/strong>, locul III, clasa a X-a, profesor coordonator, <em><strong>Stan Lidia.<\/strong><\/em><\/p>\n<p>&nbsp;<\/p>\n","protected":false},"excerpt":{"rendered":"<p>Olimpiada de limba \u0219i literatura rom\u00e2n\u0103 Negrea Maria &#8211; locul II, clasa a VII-a, calificare la etapa na\u021bional\u0103, Concursul de lectur\u0103 \u0219i interpretare transcurricular\u0103 \u201dIonel Teodoreanu\u201d; profesor coordonator,\u00a0 C\u0103lin Violeta. Vijulan Raluca &#8211; locul II, clasa a XI-a; profesori coordonatori, P\u0103una Rodica \u0219i Musta\u021b\u0103 Ana Daniela; Codi\u021b\u0103 Denisa &#8211; locul II, clasa a XII-a; profesori&hellip; <a class=\"continue\" href=\"https:\/\/cngcmotru.ro\/index.php\/rezultate-notabile-la-olimpiadele-scolare\/\">Continua<span> Rezultate notabile la olimpiadele \u0219colare<\/span><\/a><\/p>\n","protected":false},"author":1,"featured_media":0,"parent":0,"menu_order":0,"comment_status":"closed","ping_status":"closed","template":"","meta":{"footnotes":""},"class_list":["post-219","page","type-page","status-publish","hentry"],"_links":{"self":[{"href":"https:\/\/cngcmotru.ro\/index.php\/wp-json\/wp\/v2\/pages\/219","targetHints":{"allow":["GET"]}}],"collection":[{"href":"https:\/\/cngcmotru.ro\/index.php\/wp-json\/wp\/v2\/pages"}],"about":[{"href":"https:\/\/cngcmotru.ro\/index.php\/wp-json\/wp\/v2\/types\/page"}],"author":[{"embeddable":true,"href":"https:\/\/cngcmotru.ro\/index.php\/wp-json\/wp\/v2\/users\/1"}],"replies":[{"embeddable":true,"href":"https:\/\/cngcmotru.ro\/index.php\/wp-json\/wp\/v2\/comments?post=219"}],"version-history":[{"count":5,"href":"https:\/\/cngcmotru.ro\/index.php\/wp-json\/wp\/v2\/pages\/219\/revisions"}],"predecessor-version":[{"id":387,"href":"https:\/\/cngcmotru.ro\/index.php\/wp-json\/wp\/v2\/pages\/219\/revisions\/387"}],"wp:attachment":[{"href":"https:\/\/cngcmotru.ro\/index.php\/wp-json\/wp\/v2\/media?parent=219"}],"curies":[{"name":"wp","href":"https:\/\/api.w.org\/{rel}","templated":true}]}}